Suppose 0*m - 69 = -h*m. What is the tens digit of m?
2
Let w(a) = -23*a. Let u be w(1). Suppose -2*i + 0*p - 26 = -3*p, -5*i = 3*p + 86. Let s = i - u. What is the units digit of s?
7
Let m = 8 + -5. Suppose j = m*j - 40. What is the tens digit of j?
2
Let u be (-2)/7 + (-16)/(-7). Suppose 5*m + 5 = -20, -5*p + u*m = -25. Suppose -p*h - 2*h + 60 = 0. What is the tens digit of h?
1
Let s be ((-2)/4)/(2/(-12)). Suppose s*c = 8*c + 10. What is the units digit of c*(2 + 5/(-2))?
1
Let d be 0/2 + 3 + -11. Let n = d - -25. What is the units digit of n?
7
Let l = 45 + -24. What is the units digit of l?
1
Suppose 3*d = d + 4. Let a = 4 - d. Suppose -4 = -m - a. What is the units digit of m?
2
Let w(b) = -b**3 - 3*b**2 + 2*b + 4. Let v(u) = -u**3 + u**2 + 2*u - 3. Let x be v(2). Let r be w(x). Let g = 3 - r. What is the units digit of g?
5
Let b(v) = -5*v + 7. What is the units digit of b(-6)?
7
Suppose 39 = -5*v + 6*y - 3*y, -24 = 5*v + 2*y. Let x(b) = b**3 + 5*b**2 - 7*b + 2. Let i be x(v). Suppose -2*u + 0*u = -i. What is the units digit of u?
4
Suppose 0*k - 20 = -5*k. Suppose -k = u + 6. Let v = u - -18. What is the units digit of v?
8
Suppose -7*q + 2*q = 0, -4*g - q = 0. Suppose -4*w = g, 245 = 5*j - 2*w + 25. What is the units digit of j?
4
Let h = 8 + -8. Suppose -2*y - 7 = -3*r, -r = -h*r - 4*y - 9. What is the units digit of r?
1
Let b(m) be the first derivative of m**2/2 + 13*m - 7. Suppose 4*j = 3*c - 8*c - 39, 5*c + 3 = 2*j. What is the units digit of b(j)?
7
Suppose 3 = -3*x + 15. What is the units digit of (5 - 0)/(x/4)?
5
Suppose 5*u = z - 28, -8 = u - 4. Let j = 3 - 1. What is the units digit of (-1 + z/j)*3?
9
Suppose -3*z + 21 + 58 = -2*i, 3*z - 49 = -4*i. Let w = -10 + z. What is the units digit of w?
3
Let n be 25*2 + 1/(-1). Suppose -q - n = -2*q. What is the tens digit of q?
4
Let h = 452 + -98. What is the hundreds digit of h?
3
Suppose -20 = -8*v + 3*v. Suppose 11 = 3*d - 5*y, -d + v*y - 22 = -3*d. Let w(j) = -j + 10. What is the units digit of w(d)?
3
Let m(r) = -r + 72. What is the tens digit of m(-8)?
8
What is the units digit of 0*4/(-12) + 2?
2
Suppose -4*v + 15 = 5*p - 0, -5*v + 27 = -2*p. Let k(i) = -2*i - v + 2*i + 0 - i. What is the units digit of k(-9)?
4
Let n = -3 + 10. Let g = n + 5. What is the tens digit of g?
1
Suppose -2*p = 2*p. Suppose -2*o + 5*o - 108 = p. Let w = o - 21. What is the tens digit of w?
1
Let d(o) = -o**2 - 11*o - 2. What is the tens digit of d(-9)?
1
Suppose -7*p + 45 = -2*p. Let z(w) = -4*w - 11. Let y be z(7). What is the units digit of -2 + (-3)/(p/y)?
1
Let l be ((-2)/4)/(4/(-80)). Suppose -2*w = -w + 3*h - l, -5*w - 5*h + 20 = 0. What is the units digit of w?
1
Suppose 0 = 9*f + 19 - 325. What is the units digit of f?
4
Let l be 1/(-4) - 1/(-4). Suppose 0*v - 3*v + 9 = l. Suppose y - v*y + 22 = 0. What is the units digit of y?
1
Suppose -27 = 4*z - 2*q - 171, -2*z + 72 = 2*q. What is the units digit of z?
6
Let u = 9 - 3. Suppose -75 = k - u*k. What is the units digit of k?
5
Let r(b) = -b**2 - 3*b + 2. Let x be r(-4). Let n = 4 + x. Suppose 4*k = -5*w + 27, -2*k = -k + n*w - 9. What is the units digit of k?
3
Suppose 105 = 4*l - 55. What is the units digit of l?
0
Suppose 4*u + 95 = -5*v + 2*v, -u = v + 23. Let s = 54 + u. What is the units digit of s?
8
What is the hundreds digit of (68/(-20) - 3)/((-2)/60)?
1
Let a(n) = -5*n**2 - 4*n + 13. Let x(d) = 14*d**2 + 13*d - 39. Let q(u) = 11*a(u) + 4*x(u). Let k be q(-9). What is the units digit of (-26)/(-7) - k/14?
4
Suppose o - 26 = -1. What is the units digit of o?
5
Suppose -4 = -3*p - p. Suppose -7 - p = -4*d. What is the units digit of 2 + 1 + -1 + d?
4
Let u(m) = m + 6. Let v be u(5). Let c = 10 + v. What is the units digit of c?
1
Let i = 366 + -243. What is the units digit of i?
3
Let i(z) = z**3 - 19*z**2 - 13*z + 12. What is the units digit of i(20)?
2
What is the units digit of 16*63*1/((-16)/(-4))?
2
Let c = -26 + 38. Suppose 7 = -w + 3*a + 25, 3*a = -w + c. What is the tens digit of w?
1
Let z be ((-18)/12)/((-6)/16). Suppose -3*h + 3*w = -w - 28, 2*h - z*w = 16. What is the tens digit of h?
1
Let d(l) be the second derivative of l**4/12 - 2*l**3/3 + l**2/2 + l. What is the units digit of d(6)?
3
Let v(g) = g**2 - 8*g + 13. Let z be v(6). Suppose -5*i - z = s, 2*s + i - 7 = 9. What is the units digit of s?
9
Suppose 14*d = d + 5018. What is the hundreds digit of d?
3
Let q be (-1 + -1)/(16/(-24)). Let p be -4 + 0 + -3 + q. What is the tens digit of (-6)/24 - 77/p?
1
Let b = 726 + -512. What is the hundreds digit of b?
2
Let w(p) = 2*p**2 + 2*p - 3. Let g(y) = y**2 + y + 1. Let l be g(0). Let a = -4 + l. What is the units digit of w(a)?
9
What is the units digit of (-2996)/28*(0 + -2)?
4
Let k(s) = -s**2 - 12*s + 1. What is the units digit of k(-11)?
2
Let c be 2*-22*2/(-8). Suppose u + 3 = c. What is the units digit of u + 0*1/3?
8
Let l be (0/(-4))/(2 - 1). Suppose 4*b = -l*b. What is the units digit of (b/(-3) - -2)/2?
1
Suppose 3*x - 243 = 2*x. What is the hundreds digit of x?
2
Let n(w) = -8*w**2. Let d(y) = -y**2 + 1. Let m be d(0). Let h be n(m). Let s = 14 + h. What is the units digit of s?
6
Let s be 2/7 + 384/28. Suppose -2*b - 5*i = 15 + s, 3*b + 4*i = -26. What is the units digit of (-1)/(((-6)/b)/(-24))?
8
Let a = 57 - 8. What is the units digit of a?
9
Let w(b) = 24*b**2 + b + 1. What is the tens digit of w(-1)?
2
Let r be (12/10)/((-9)/(-30)). Suppose r*f - 2 = 3*f. What is the units digit of f?
2
Let u(n) = -1 + 3 - n - 1. Suppose -18 = h + 2*h. What is the units digit of u(h)?
7
Suppose -650 = 5*a - 105. Let z = -76 - a. What is the units digit of z?
3
Let c = -3 + -7. Let a be -1 + 2 + (-6)/2. What is the units digit of (2 - 1)/(a/c)?
5
Let g(l) = -2*l + 1. Let t be g(-12). Suppose 3 + 14 = 2*p - j, -3*p + j = -t. What is the units digit of p?
8
Suppose 0 = -2*n - 3*n + 35. Let t = 15 - n. What is the units digit of t?
8
Suppose 3*j - 18 + 6 = 0. What is the units digit of j?
4
Let v(l) = 6*l - 2. Let r be v(1). Suppose -5*y = z - 2*z - 70, r*z = -4*y + 56. What is the tens digit of y?
1
Let t(c) be the third derivative of -c**4/24 - 4*c**3/3 - c**2. Let f be t(-8). What is the units digit of 2 - (f + 0) - 1?
1
Let c(o) = 26*o - 3. Let b be c(3). Suppose 5*n - x = b, n - x + 51 = 5*n. What is the tens digit of n?
1
Let n(x) = 16*x**2 - 5*x - 39. What is the units digit of n(-4)?
7
Let x be 1*(-1 + 6)*-1. Let c = x - -4. Let r = c + 3. What is the units digit of r?
2
Suppose 4*m - a = 2*a - 12, 2*m - 4 = -a. Suppose 46 = -m*n + 2*n. What is the tens digit of n?
2
Suppose -c - 3*c + 156 = 0. Suppose c = 3*z - 9. What is the units digit of z?
6
Let j = -22 - -262. What is the units digit of j?
0
Let j be 1 + (2 - (2 - 1)). Suppose -13 = -p + 2*b, -4*p + 0*p + j*b = -52. What is the tens digit of p?
1
Let d(c) = c**3 + 10*c**2 - 11*c + 11. What is the units digit of d(-11)?
1
Suppose 4*d - 16 = -0*d. Let b be 1*4*6/(-8). Let g = b + d. What is the units digit of g?
1
Let v = -43 + 104. What is the units digit of v?
1
Let v be 1/3*108/6. Suppose 0 = s + 4*t + v, -2*t - 10 = 2*s + 2*s. What is the units digit of (-4)/8 - 13/s?
6
Let m(d) = 2*d + 21. What is the tens digit of m(9)?
3
What is the tens digit of 6*-3*95/(-30)?
5
Suppose t = -4, 78 = 5*r - 2*t - 15. Let u = r - 5. What is the units digit of u?
2
Let a(q) = -8*q - 9. What is the units digit of a(-5)?
1
Suppose 16 = -5*c + 971. What is the tens digit of c?
9
Let l be 24/9*21/2. Let k = l + -14. What is the tens digit of k?
1
Suppose 2*a + 4 = 10. What is the tens digit of ((-8)/(-20))/(a/210)?
2
Suppose -18 = -5*n - 53. Let q = n - -12. Let p = q + 0. What is the units digit of p?
5
Let j be (-135)/(-12) + 5/(-20). What is the units digit of (j - 10)*(1 + 0)?
1
Let s(k) = k + 9. Let i be (-25)/2*24/(-30). What is the tens digit of s(i)?
1
Let k be -62*(-2)/4 - 3. Let x = k - 8. Suppose -f - 3*f = -x. What is the units digit of f?
5
Let y(l) = l**2 + 7*l + 6. Suppose -2*s = -3*r - 33, 3*s - 11 = 2*r + 16. What is the tens digit of y(r)?
2
What is the units digit of -7 + 4 - (1 + -160)?
6
Suppose -5*t - 8 = -4*k - t, 5*k + 5*t + 10 = 0. What is the units digit of -3 + -1 + 10 + k?
6
Let q = -1 + 3. Suppose -4*t + 58 = -q*t. What is the units digit of t